8*q. Let f(l) = -4*l + 13. Let j(i) = -7*i + 25. Let r(t) = 11*f(t) - 6*j(t). Let d be r(-7). What is the units digit of y(d)?
7
Let y be (1 - -3) + -68 + 2*-1. Let s = y - -105. What is the tens digit of s?
3
Let y(p) = 28*p - 8 + 102*p + 2*p + 3*p. What is the tens digit of y(2)?
6
Let t = 9697 - 5953. What is the units digit of t?
4
Let p(b) = 4*b**2 + 4*b + 27. Let h(d) = 21*d**2 + 21*d + 135. Let u(o) = -2*h(o) + 11*p(o). What is the units digit of u(11)?
1
What is the units digit of (-21596)/(-28) + 4/(-14)?
1
Let t be 12/((-6)/2) + 4. What is the units digit of t + (5 - 2) + 35?
8
Let z be (-14)/(-21)*237/2. Let n = z + -21. Let m = n + -10. What is the tens digit of m?
4
Suppose -5*j + 1985 = f, -2*j + f = 4*f - 807. Suppose 12*v = 9*v + 12. What is the units digit of 1/(3*v/j)?
3
Suppose -5*m - 8*r = -4*r - 4409, 4*r = -m + 869. What is the tens digit of m?
8
Suppose -2*w - 5*v = -19, 3*w + v - 2 = 7. What is the hundreds digit of -2 - 1 - w - -263?
2
Let o(m) be the first derivative of -19*m**2/2 + 19*m + 26. What is the units digit of o(-9)?
0
Suppose 3*b - 612 = 3*h, 4*b = 5*b + h - 214. Suppose 5*m - 289 = -2*i - i, -b = -4*m + 5*i. What is the units digit of m?
6
Let u be 27/6*(-12)/(-27). Suppose -354 = -u*s + q, 5*s = -5*q + 4*q + 899. What is the hundreds digit of s?
1
Let i(a) = -a - 18. Let v be i(-17). Let h be v/7 + 252/49. What is the units digit of (-4 + 294)/h - 1?
7
Suppose u = -6 + 2. Let q = u + 6. Suppose -8 = 4*w, 0 = -q*i - 2*i + 5*w + 110. What is the units digit of i?
5
Let n be 7/3*(20 - 14). Let i = -12 + n. What is the units digit of i?
2
Let z = -268 + 486. What is the tens digit of z?
1
Let o = -347 - -628. What is the units digit of o?
1
Let a be -7*(96/(-28) + 2). What is the units digit of (2/a)/((-6)/(-15))*354?
7
Suppose 0 = 5*o + 10*u - 5*u - 3050, -5*o + 3026 = -u. What is the tens digit of o?
0
Let k(l) = l**2 + 2*l + 163. What is the units digit of k(-22)?
3
Suppose -z - 3*z = -12. Suppose -z*r - 63 = -4*r. What is the tens digit of r?
6
Suppose -3*i = -4*f + 87, -14 = -5*i + 1. Suppose -28*y = -f*y - 44. What is the tens digit of y?
1
What is the thousands digit of (21/(-3) + (-290)/(-40))*5876?
1
Suppose -5*p + 2*w + 3563 = 809, -2*w = -4*p + 2202. What is the tens digit of (-4)/(-3)*6/16*p?
7
What is the hundreds digit of 6/(-10) + (-2)/(10/(-1083))?
2
Suppose -3*p + 3548 = 5*f + 1170, -2*f + 951 = p. What is the hundreds digit of f?
4
Let h be 3/(-6)*(-20)/(-5). Let l be -1 + 4 + h + -1. What is the tens digit of (23 - l)/(0 - -1)?
2
Let m(i) = 2*i**2 - i + 4. Suppose 11*v = 14*v - 51. Let s = -17 + v. What is the units digit of m(s)?
4
Suppose -4 = -5*f + 121. Suppose -24*t = -f*t + 319. What is the hundreds digit of t?
3
Suppose 2*w - 9 - 1 = 0. Let b = 10 - 5. Suppose -b*l = -9 - 11, 8 = f - w*l. What is the units digit of f?
8
Suppose 350*a - 345*a = 12560. What is the units digit of a?
2
Let r(h) = h**3 + 6*h**2 - 4*h - 3. Let j be r(-3). Suppose -5*b + 119 = 2*l, -2*l - 3*l - j = -2*b. Let v = 34 - b. What is the units digit of v?
1
Let a = 913 + -549. Suppose -k + a = k. What is the tens digit of k?
8
Suppose -3*g - 3*g = 96. What is the tens digit of (-4 - 0 - g)*7/4?
2
Let i(d) = 2*d + 1. Let n be i(3). Suppose -5*x + n = -13. What is the units digit of -12*(-1)/(x - 3)?
2
Let t = -21 - -21. Suppose t = 5*h - 409 - 721. What is the hundreds digit of h?
2
Let t(d) = 461*d**2 - 34*d + 73. What is the hundreds digit of t(2)?
8
Suppose y = 2*v - 212, -v - 4*y - 432 = -5*v. What is the tens digit of v?
0
Suppose 481*j - 479*j - 5694 = 0. What is the thousands digit of j?
2
Let y(d) = -19*d**3 + 5*d**2 + 11*d + 9. What is the hundreds digit of y(-4)?
2
Suppose -5*z = -4*u - 146, 4*u + 65 + 3 = 2*z. What is the tens digit of z?
2
Let u be -2*(-2 - -4) + 108. Let g = 147 - u. What is the tens digit of g?
4
Let v = 68 + -72. What is the hundreds digit of (326/(-4))/(v - -5)*-2?
1
What is the hundreds digit of (-80)/120 + (16354/(-3))/(-2)?
7
Let v(x) = -14*x + 2. Suppose 0 = z - 1. Let c be -15 + 16 - (z - -4). What is the tens digit of v(c)?
5
Let z be -2 + 0 + 1 - -1. Suppose 2*l + z*l = 0. Suppose -4*o - o + 125 = l. What is the tens digit of o?
2
What is the thousands digit of (-7478)/(-6) - (230/(-30) - -7)?
1
Let w(t) = t**2 - 8*t - 3. Let i be w(12). Let j = i - -33. What is the tens digit of (-24)/18*j/(-4)?
2
Suppose 4*u + u + 19 = b, 28 = -3*b - 2*u. Let l(h) = 5*h**2 - 8*h - 17. What is the hundreds digit of l(b)?
2
Let t(j) = j**2 - 18*j - 27. Let f be 78/4*((-10)/15 - -2). What is the tens digit of t(f)?
8
What is the tens digit of (20/70 - (-38)/(-35))*-1620?
9
Let z(c) = 140*c**2 - c + 14. Let n(p) = 280*p**2 - 2*p + 30. Let r(y) = -6*n(y) + 13*z(y). What is the hundreds digit of r(1)?
1
Suppose -w - 5 = 0, -5*u + 3*u - 4*w + 6884 = 0. What is the hundreds digit of u?
4
Let d be -4 - 8*(4 + -7). Let a(w) = w**3 - 20*w**2 + w - 6. What is the tens digit of a(d)?
1
Suppose 25*j - 16108 - 17892 = 0. What is the thousands digit of j?
1
Suppose 2*t = 167 - 31. Suppose -3*r = -t + 26. What is the tens digit of r?
1
Suppose -3*v - j = -392, 0 = -5*j - 23 + 3. Suppose 0 = 2*u - 5*u + 213. Let m = v - u. What is the tens digit of m?
6
Let f(k) be the third derivative of 0 - 7/6*k**3 + 3*k**2 + 1/24*k**4 + 0*k + 1/60*k**6 - 1/60*k**5. What is the tens digit of f(3)?
4
Let k(f) be the second derivative of f**6/720 + 9*f**5/40 + f**4/2 + 8*f. Let q(d) be the third derivative of k(d). What is the units digit of q(0)?
7
Suppose -4*x = -0*t - t - 76, 0 = 5*t - 4*x + 300. Let m = 125 + t. What is the units digit of m?
9
Suppose 4*b - 992 - 464 = -l, -2*b + 714 = -3*l. What is the hundreds digit of b?
3
Let q(n) be the third derivative of -n**5/60 - 5*n**4/8 + 4*n**3/3 - 8*n**2. What is the tens digit of q(-11)?
5
Let j(d) = -58*d**2 + 1. Let w be j(-2). Let u = w - -343. What is the hundreds digit of u?
1
Let s(z) = z**3 - 7*z**2 + 2*z - 4. Let u be s(4). Let v = u + 86. What is the units digit of v?
2
Let f(l) = -15 + 22*l + 15*l - 41*l. What is the units digit of f(-9)?
1
Let r = 1302 + -420. What is the units digit of r?
2
Let q = 94 - 58. Suppose 0 = 3*h + b - 563, h = -3*b + 229 - q. What is the hundreds digit of h?
1
Let k = 162 + -92. Suppose v + 2*n - k = -v, -5*v = 2*n - 175. What is the tens digit of v?
3
Let l be ((-8)/(-10))/((-16)/200). Let x be ((-2)/4)/(1/l). Suppose -2 = -p, i = 2*i - x*p - 33. What is the tens digit of i?
4
Let r = 78 - 76. What is the units digit of (29/r)/(((-2)/(-4))/1)?
9
Suppose 3*i + 3*i - 3834 = 0. What is the units digit of i?
9
Suppose -1140 = -k - 2*q, 2*k - 7*q = -4*q + 2315. What is the thousands digit of k?
1
Suppose -12*s = 8*s - 14180. What is the hundreds digit of s?
7
Let g(x) be the second derivative of x**3/2 + x**2 + x - 2. Let p be (-4)/(-5)*(2 - -3). What is the units digit of g(p)?
4
Suppose 6*d + 3*d - 2799 = 0. What is the tens digit of d?
1
Let p be 4 + -13 - (1 + -1). Let t(q) = q**3 + 12*q**2 + 10*q + 22. What is the units digit of t(p)?
5
Suppose s + 5*t - 3049 = -2*s, t - 5045 = -5*s. What is the tens digit of s?
0
Suppose 0 = -l + 6 - 0. Let a(n) = -1 + 6*n + 10 + 5*n - 5. What is the tens digit of a(l)?
7
Let q = -2 + 2. Let d be 4*4/72 + (-399)/(-27). Let l = d + q. What is the units digit of l?
5
Let v(b) = -2*b**2 + 11*b - 5. Suppose 0 = -n - 2 + 10. Let r be v(n). Let p = 91 + r. What is the tens digit of p?
4
Suppose 5*l + 3 = k - 2, 0 = 4*k - 4*l - 36. Let s(n) = -10*n + k*n + 41*n**2. What is the tens digit of s(-1)?
4
Let r = 94 + -94. What is the hundreds digit of (r + 4)/(5*4/820)?
1
Let i(r) = r**3 + r**2 + 706. What is the tens digit of i(0)?
0
Let z = 1279 + -608. What is the units digit of z?
1
Let v = 2430 + -1646. What is the units digit of v?
4
Suppose 5*j - 15 = 3*f, j - 5*f + 7*f = 3. Suppose -5*u + 670 + 40 = j*z, -426 = -3*u + z. What is the units digit of u?
2
Suppose 5*s = -26*s + 64170. What is the tens digit of s?
7
Let x be 5747/35 - (-4)/5. Suppose -6*z = -x - 9. What is the tens digit of z?
2
Let b = 368 - 345. What is the units digit of b?
3
Suppose -1585 = -5*g - 3*k, 23 = 3*k + 8. What is the tens digit of g?
1
Let q be (-44)/(-7) + (-2 - (-24)/14). Let j(p) be the first derivative of p**4/4 - 5